{"id":10264,"date":"2023-11-13T14:39:05","date_gmt":"2023-11-13T13:39:05","guid":{"rendered":"https:\/\/lilashes.fr\/?post_type=product&#038;p=10264"},"modified":"2023-12-05T00:06:50","modified_gmt":"2023-12-04T23:06:50","slug":"boite-conservation-colle-primer","status":"publish","type":"product","link":"https:\/\/lilashes.fr\/index.php\/produit\/boite-conservation-colle-primer\/","title":{"rendered":"Bo\u00eete conservation colle, primer .."},"content":{"rendered":"<p>La boite de conservation vous permettra de garder herm\u00e9tiquement toutes vos colles, primers , d\u00e9graissants \u00e0 l&rsquo;abri de l&rsquo;humidit\u00e9, un indispensable pour une longue conservation de vos produits.<\/p>\n","protected":false},"excerpt":{"rendered":"<p>La boite de conservation vous permettra de garder herm\u00e9tiquement toutes vos colles, primers , d\u00e9graissants \u00e0 l&rsquo;abri de l&rsquo;humidit\u00e9, un indispensable pour une longue conservation de vos produits.<\/p>\n","protected":false},"featured_media":10265,"comment_status":"open","ping_status":"closed","template":"","meta":[],"product_cat":[22],"product_tag":[],"class_list":{"0":"post-10264","1":"product","2":"type-product","3":"status-publish","4":"has-post-thumbnail","5":"hentry","6":"product_cat-accessoires","8":"entry","9":"has-media","10":"owp-thumbs-layout-horizontal","11":"owp-btn-normal","12":"owp-tabs-layout-horizontal","13":"has-product-nav"},"_links":{"self":[{"href":"https:\/\/lilashes.fr\/index.php\/wp-json\/wp\/v2\/product\/10264","targetHints":{"allow":["GET"]}}],"collection":[{"href":"https:\/\/lilashes.fr\/index.php\/wp-json\/wp\/v2\/product"}],"about":[{"href":"https:\/\/lilashes.fr\/index.php\/wp-json\/wp\/v2\/types\/product"}],"replies":[{"embeddable":true,"href":"https:\/\/lilashes.fr\/index.php\/wp-json\/wp\/v2\/comments?post=10264"}],"version-history":[{"count":1,"href":"https:\/\/lilashes.fr\/index.php\/wp-json\/wp\/v2\/product\/10264\/revisions"}],"predecessor-version":[{"id":10267,"href":"https:\/\/lilashes.fr\/index.php\/wp-json\/wp\/v2\/product\/10264\/revisions\/10267"}],"wp:featuredmedia":[{"embeddable":true,"href":"https:\/\/lilashes.fr\/index.php\/wp-json\/wp\/v2\/media\/10265"}],"wp:attachment":[{"href":"https:\/\/lilashes.fr\/index.php\/wp-json\/wp\/v2\/media?parent=10264"}],"wp:term":[{"taxonomy":"product_cat","embeddable":true,"href":"https:\/\/lilashes.fr\/index.php\/wp-json\/wp\/v2\/product_cat?post=10264"},{"taxonomy":"product_tag","embeddable":true,"href":"https:\/\/lilashes.fr\/index.php\/wp-json\/wp\/v2\/product_tag?post=10264"}],"curies":[{"name":"wp","href":"https:\/\/api.w.org\/{rel}","templated":true}]}}